 1059 = 25*c. Let u = -201 - c. List the prime factors of u.
2, 19
Let c be (-5 - -1) + (5 - (109 - -1)). Let p = c - -500. What are the prime factors of p?
17, 23
Suppose -92*g - 76251 = -113*g. List the prime factors of g.
3631
Let h = -246 - -253. Suppose h*c - 905 = 2*c. What are the prime factors of c?
181
Let o = 3 - -165. Suppose 1002 = 3*x - o. Suppose 6*j - 444 - x = 0. List the prime factors of j.
139
Let f(s) = s**3 + 12*s**2 - 6*s. Let q be (-3 - 0/5)*3. Let k be (-4)/(-6) - (-51)/q. List the prime factors of f(k).
5, 41
Let q be (-107)/(3/(-7 - -4)). Let z = q - 184. Let o = 4 - z. List the prime factors of o.
3
Suppose 4*b = -2*y + 54, -118 = -4*y + 5*b - 3*b. Suppose -y*j = -30*j. Suppose j = -2*k + 6, 3*u - 709 = -2*u + 2*k. List the prime factors of u.
11, 13
Let g(k) = 38 + 47*k - 37*k + 1 - 2. List the prime factors of g(13).
167
Let i = 81777 + -13959. List the prime factors of i.
2, 3, 89, 127
Let n(i) = -27*i**3 - 2*i**2 - 2*i - 1. Let f be n(-1). Suppose 8*j + 252 = f*j. List the prime factors of j.
2, 7
Let y(a) = a**3 + 15*a**2 + 27*a + 16. Let f be y(-13). Suppose 0 = -f*g + 56 + 847. What are the prime factors of g?
7, 43
Suppose -5*k - 2 = -5*v - 167, -3*k + 94 = 2*v. Let j be ((k - 2)/6)/(2/2). Suppose -10 = -j*w + 65. List the prime factors of w.
3, 5
Suppose 0 = -9*t + 11*t + 86. Let j = t + 111. What are the prime factors of j?
2, 17
Let k be -47 + (3 + -1)/(-1). Let x = 51 + k. List the prime factors of (0 + -2 - -2)/x - -73.
73
Let y be (-98)/637 - 132/(-13). Let v be (-4)/6 - (-3230)/30. Suppose 3*q = -1 + y, -c - 3*q + v = 0. List the prime factors of c.
2, 7
Suppose 0 = -3*y - 4*w + 2717, -938*y = -941*y + w + 2707. What are the prime factors of y?
3, 7, 43
Suppose 34*s - 149494 = -6*s - 20334. List the prime factors of s.
3229
Let r(s) = 8*s + 85. Let v be r(-11). List the prime factors of 199 - -3 - 3/v.
7, 29
Suppose 2*k + 432 = 10*k. Let b = k + -50. Suppose 17 + 183 = b*g. List the prime factors of g.
2, 5
Suppose 0 = 40*r + 28*r + 62*r - 159640. List the prime factors of r.
2, 307
Suppose -16*h = -52 - 28. Let n(k) = 70*k + 6. List the prime factors of n(h).
2, 89
Let v(n) = -7*n - 4. Let h be v(-2). Let f(i) = -14*i - 24. Let r(y) = -2*y + 1. Let w(g) = -f(g) + 5*r(g). What are the prime factors of w(h)?
3, 23
Let s = 15 + -17. Let g(u) = 22*u**2 - 3. Let a be g(s). Let x = a + -17. What are the prime factors of x?
2, 17
Let x be ((-10)/(-1))/(-2) - 13*-82. Let i = -570 + x. List the prime factors of i.
491
Let f(s) = 312*s**2 - 62*s + 43. What are the prime factors of f(-5)?
31, 263
Suppose -9*w + 3563 + 68929 = 5*c, -2*w - 43547 = -3*c. What are the prime factors of c?
3, 7, 691
Let i(l) = -l**3 - 6*l**2 - 3*l + 37440. What are the prime factors of i(0)?
2, 3, 5, 13
List the prime factors of (15/((-750)/(-216710)))/(2/10).
13, 1667
Let q(f) = -8069*f**3 - 3*f**2 - 6*f - 3. What are the prime factors of q(-1)?
8069
Let a(s) = -2*s - 23. Let x(c) = c**2 + 13*c - 18. Let y be x(-15). Let p be a(y). Let v = 89 + p. List the prime factors of v.
2, 3, 7
Let j(c) = -4*c**3 + 3*c**2 - 2*c + 17. Let u(v) = -v**3 - v**2 + 1. Let g(w) = j(w) - 3*u(w). Let k be g(6). What are the prime factors of (-2)/4 + 37/k + 2?
2, 5
Let y(a) = -6*a**3 - 2*a**2 - 45*a - 31. List the prime factors of y(-11).
2, 3, 19
Let v be ((-5)/(-2) - (-4)/(-8)) + -3. Let q be (-192)/((-6)/(-3))*v. Let i = 226 - q. List the prime factors of i.
2, 5, 13
Let r be -1 + -4*(0 + 15/(-12)). Suppose -9*m + 8*m + 956 = r*v, -3*v - 4826 = -5*m. List the prime factors of m.
2, 241
Let q(u) be the second derivative of u**4/12 - 3*u**3/2 - 8*u**2 + 3*u - 6. Suppose 0 = 2*m + 4*k + 22, -2*m = -3*k + 16 + 6. List the prime factors of q(m).
2, 3, 17
Suppose 0 = -l - l + 5*j + 6873, -5*l = -5*j - 17190. What are the prime factors of l?
19, 181
Let s = 4204 - 631. What are the prime factors of s?
3, 397
Let t be 30/45 - (-3243)/9. Let i = t - 183. What are the prime factors of i?
2, 89
List the prime factors of 7*349 + (-5)/((-10)/(-14)).
2, 3, 7, 29
Let f(q) be the first derivative of 7*q**2/2 + 355*q + 39. What are the prime factors of f(0)?
5, 71
Let b(j) = -j**3 - 7*j**2 - j - 7. Let q be b(-7). Suppose s + 13 - 18 = q. Suppose -5*p + 81 + 500 = 4*x, -557 = -s*p + 2*x. What are the prime factors of p?
113
Let t(r) be the third derivative of 11*r**5/60 + r**4/3 - 31*r**3/6 + 82*r**2. What are the prime factors of t(-7)?
2, 113
Let x(c) = 5*c**2 + 5*c - 3. Let b(v) = v**2 - v - 4. Let k be b(-3). Let m be x(k). Let w = -223 + m. List the prime factors of w.
2, 67
Suppose 205*i = 212*i - 147. Suppose 0 = i*z - 17310 - 2661. What are the prime factors of z?
3, 317
Let b = 34 - 11. Let m = 412 - 372. What are the prime factors of -2 + m + 1 - (22 - b)?
2, 5
Let q be 1/3 + (906/9 - 3). Let a = q - 94. Suppose -3*d - 5*g = -755, -a*d = d - 2*g - 1248. What are the prime factors of d?
2, 5
Suppose 19214 = 4*y - p, -235*p = -5*y - 237*p + 23998. List the prime factors of y.
2, 7
Suppose 141295 = -46*k + 51*k - 5*j, -4*k = -5*j - 113034. What are the prime factors of k?
59, 479
Let z be ((-171)/(-38))/((-2)/(-4)). Suppose 4*k = -z*k + 39. Let f(q) = 25*q**2 + 5*q - 17. What are the prime factors of f(k)?
223
Let g(j) = -178*j + 1. Let c be g(-1). Let r be (-66)/55*10/(-3). Suppose -2*m = 2*m - 2*l - 170, -c = -r*m - l. What are the prime factors of m?
2, 11
Let m = -476 + 482. Suppose -s - 2650 = -m*s. What are the prime factors of s?
2, 5, 53
Let n(k) = -k**2 - 14*k - 21. Let o be n(-12). Suppose -105 = -o*v + 282. List the prime factors of v.
3, 43
Suppose -48 = -3*i + 30. Suppose -4*o + 2*b + 1376 = 0, -i*o + 5*b - 1390 = -30*o. List the prime factors of o.
3, 5, 23
Let y(j) = 489*j - 2926. List the prime factors of y(30).
2, 367
Let o(v) = 13*v**2 - 6*v. Suppose 3*c - 94 = 2*m + 5*c, -229 = 5*m - c. Let u = m + 49. What are the prime factors of o(u)?
3, 11
Let o be -3*1/3*-51. Suppose 0 = a - 0*p - 3*p + 29, 4*a + p = -o. Let f = -12 - a. List the prime factors of f.
2
Suppose 13*v - 4*v - 2 = -11. Let n(o) = 2 - 4 + 8*o**2 + 24*o**2 - o. What are the prime factors of n(v)?
31
Suppose 1048*b = 1055*b - 105. Suppose 2*c + b*p - 2326 = 16*p, -c + 1172 = -5*p. What are the prime factors of c?
2, 7, 83
What are the prime factors of 3 - (11 - (11 - 5)) - (-2 + -1265)?
5, 11, 23
Suppose 4*r - 3*s = 24720, -18561 = -3*r + 3*s - 6*s. List the prime factors of r.
3, 229
Suppose -t - 3*f - 142011 = -6*t, 4*f = -4*t + 113564. List the prime factors of t.
2, 3, 4733
Let y(b) = -125*b + 115. Let h be y(8). Let g = -422 - h. List the prime factors of g.
463
Suppose 5*o - 3*w = 45901, -612*o - 27563 = -615*o + 5*w. What are the prime factors of o?
2, 31, 37
Let u(p) be the second derivative of -59*p**3/6 - 91*p**2/2 + 118*p. What are the prime factors of u(-6)?
263
Suppose o - 4 - 24 = 0. Let c = o + -19. Let v(x) = 5*x - 5. What are the prime factors of v(c)?
2, 5
Let w be 598/(-1092)*-6 - (-4)/(-14). Suppose 0*t - 3*t + 18 = 0. Suppose -4*g + t*g - 218 = -w*v, -3*g = 15. List the prime factors of v.
2, 19
Let y(p) be the third derivative of 9*p**4/4 - 70*p**3/3 - 107*p**2. What are the prime factors of y(13)?
2, 281
Suppose 6*n - 4486 = 1568. List the prime factors of n.
1009
Let r(k) = -2*k**3 - 2*k**2 + k + 2. Let a be (-10)/15 - (-4)/(-3). Let m be r(a). Suppose -9*i = -m*i - 42. What are the prime factors of i?
2, 3, 7
Let q(v) = -6463*v - 8907. What are the prime factors of q(-7)?
2, 37, 491
Suppose 0 = 10*q + 310 - 5630. Let o = -281 + q. List the prime factors of o.
251
Let o(i) = -1 + 9*i - 3 + 2 - 4*i. Let m(k) = 14*k**3 + 3*k**2 - 3*k + 1. Let t be m(1). What are the prime factors of o(t)?
73
Let b = 9866 - 2151. What are the prime factors of b?
5, 1543
Let h = -3717 - -4796. What are the prime factors of h?
13, 83
Let t = -11424 + 6754. Let y be 20/80 + (-23)/(-4). What are the prime factors of y/27 + 0 + t/(-45)?
2, 13
Let p(v) = -v**3 - 7*v**2 + 8*v. Let t be p(-8). Suppose 4*h - 507 = z, t*h - 4*h + 511 = 3*z. List the prime factors of h.
127
List the prime factors of (-28994)/(-1) + (252/(-2))/14.
5, 11, 17, 31
Let x(q) = 14*q**2 + 2 + 2 + 14 + 17*q - 1. List the prime factors of x(-7).
2, 73
Let c(q) be the second derivative of 5/6*q**3 - 1/6*q**4 